e k(j). What is the highest common divisor of f and 28?
14
Suppose 6*s + 24 = 108. What is the highest common divisor of s and 14?
14
Let p be ((-10)/15)/(4/(-66)). What is the greatest common factor of 110 and p?
11
Let m(o) = o + 2. Let d be m(2). Suppose 0 = w - 2 + 1. Let t = d + w. What is the highest common factor of 35 and t?
5
Let o(j) = -122*j - 2. Let d be o(-1). Calculate the greatest common divisor of d and 12.
12
Suppose 0 = l - 4 - 27. Suppose -42 = -0*n - 4*n + 2*d, -3*n + d + l = 0. Suppose 4*w + w - n = 0. Calculate the greatest common divisor of 8 and w.
2
Suppose 3*c - 4*l - 11 = -5*l, -1 = 3*c - 5*l. Suppose 0*z = -z + c*h + 39, 4*z = -2*h + 226. Calculate the highest common divisor of 18 and z.
18
Let u(b) be the first derivative of 4*b**2 + b - 1. Let j be u(1). Let s be 3/(-9) - (-111)/j. What is the highest common divisor of 6 and s?
6
Suppose -5*r + r = 16, -168 = -5*n + 2*r. What is the greatest common factor of 8 and n?
8
Let k = 117 - -103. What is the highest common factor of k and 20?
20
Let m = 47 - 18. Let k = -20 + m. Calculate the highest common divisor of k and 3.
3
Let b be 522/8 + (-2)/8. Suppose -19 = -4*i + 3*i + 2*t, t - 49 = -4*i. Calculate the highest common factor of i and b.
13
Let q(i) = -4*i + i**3 + 1 - 2*i**2 - 2*i**3 + 4. Let w be q(-4). Suppose -w + 1 = -4*d. What is the greatest common factor of 13 and d?
13
Let m be 38/57 + 208/3. Calculate the highest common factor of m and 14.
14
Let g(c) = 17*c**2 - 4*c + 3. Let o(p) = p**3 - 3*p**2 - 3*p - 3. Let k be o(4). Let b = k - -1. Let z be g(b). Calculate the greatest common factor of 9 and z.
9
Suppose 0 = -l + 4*l - b - 87, -5*b = 5*l - 165. Calculate the highest common factor of 120 and l.
30
Let k be ((-441)/(-28))/((-1)/(-12)). What is the greatest common divisor of 21 and k?
21
Let w(o) = o + 11. Suppose -5*l = -2*v - 21, 5*v + 2 = 5*l - 43. Let n be w(v). Calculate the highest common divisor of n and 9.
3
Let h(j) = -j**3 + 4*j**2 - 3*j. Let y be h(2). Let u = 11 - 20. Let d be ((-5)/15)/(1/u). Calculate the highest common factor of y and d.
1
Let c = -19 - -21. Suppose c*n = -0*n + 28. Calculate the greatest common factor of n and 28.
14
Let l be (8/(-12))/(4/6). Let h = l - -7. What is the highest common factor of h and 3?
3
Let d(i) = 19*i - 26*i + 7*i**2 + i**3 - 8 + 1. Let c be d(-7). Calculate the greatest common divisor of c and 105.
21
Let g(t) = -t**3 + 9*t**2 - 9*t + 10. Let k be g(8). Let x = -1 + 4. Suppose 4 = b - 3*a - x, -b - 4*a = 0. What is the greatest common factor of k and b?
2
Let g(j) = -2*j**2 + 16*j - 4. Let y be g(7). Calculate the highest common divisor of 80 and y.
10
Let u be ((-21)/5 - -4) + (-32)/(-10). What is the highest common factor of 15 and u?
3
Let i = 14 + -10. Suppose i*c + c - 165 = 0. What is the greatest common factor of c and 11?
11
Suppose 4*u = 50 + 74. Let i = u + -20. Suppose 3*t + y = 70, 3*t + 5*y - 71 - 15 = 0. What is the highest common divisor of t and i?
11
Let f be 13/4 + (-3)/12. Let i be (f - 6/2) + -1. Let h = i - -3. Calculate the highest common divisor of 2 and h.
2
Suppose -4*r + 14 = -2. Suppose -7*t = -3*t + 12. Let f = t - -7. What is the highest common factor of r and f?
4
Suppose 8*x + 130 = 13*x. Calculate the greatest common divisor of x and 2.
2
Suppose -2*f + 15 = -5*d, 12 = -2*f - 0*f - 4*d. Suppose l + 2*l - 36 = f. What is the highest common factor of l and 60?
12
Let a(y) = -3*y**3 + 15 + 4*y**3 - y + 0*y. Suppose 8*m + h - 3 = 3*m, -5*h + 15 = -4*m. Let i be a(m). What is the greatest common divisor of 60 and i?
15
Let u = -22 - -35. Calculate the greatest common factor of u and 13.
13
Let f(p) = p**3 + 2*p**2 - p - 2. Let b be f(-2). Suppose j + 5*v = -0 + 10, -2*j - 5*v + 15 = b. Calculate the highest common divisor of 35 and j.
5
Let u(l) = 3*l - 1. Let m be u(5). Suppose 10 - 4 = 3*s. Let p = 68 + s. What is the greatest common factor of m and p?
14
Let g be ((-23)/(-3))/((-20)/(-15) - 1). Suppose 3*q - 4*q - 258 = -l, -3*l + 734 = 5*q. Calculate the highest common factor of g and l.
23
Let h = 2 - 0. Suppose 0 = 2*b + h*j - 18, 3*b + 2*j - 23 = -0*j. Suppose 2*a = -2*q + 22, -2 = 5*a - b*q - 7. Calculate the highest common factor of a and 24.
6
Suppose -10 - 5 = z. Let q(s) = -s**3 - 18*s**2 + 19*s - 8. Let r be q(-19). Let i = r - z. What is the highest common divisor of i and 56?
7
Let k = 157 - 285. Let j = k - -264. Let b(m) = -2*m + 7. Let p be b(-5). What is the greatest common divisor of j and p?
17
Let g(u) be the first derivative of -u**4/4 - 2*u**3/3 + 5*u**2/2 - 5*u - 1. Let r be g(-5). Let t = 22 + -7. Calculate the greatest common divisor of r and t.
15
Suppose 0 = 4*y - 6*y - 52. Let a(q) = 4*q**2 + 4*q - 4. Let d be a(-4). Let g = d + y. Calculate the greatest common divisor of 2 and g.
2
Let w be (-1456)/(-42)*(-6)/(-4). Suppose 3*k - 23 - 16 = 0. What is the highest common factor of w and k?
13
Let c(x) = -x**3 + 11*x**2 - 9*x + 15. Suppose -6*t = -t - 50. Let r be c(t). What is the highest common factor of 200 and r?
25
Let d = 0 - 0. Let c be 33 + (-1)/(-1) + d. Suppose 5*v + 68 = 9*v. Calculate the greatest common factor of c and v.
17
Let w be (-2 + 1)/((-23)/11 - -2). Calculate the highest common divisor of w and 121.
11
Let s(k) = -k. Let b be s(-2). Suppose b*y - 27 = 3*f, 3*f + f - 5*y + 43 = 0. Let o = f + 10. What is the greatest common factor of 15 and o?
3
Let t(z) = -9*z - 47. Let n be t(-13). Calculate the highest common factor of n and 42.
14
Suppose -4*u + 99 = 19. Suppose -4*s = u, -39 = -3*z + 4*s + 26. Calculate the highest common divisor of 30 and z.
15
Let j be 12/9 - (-203)/3. Calculate the greatest common divisor of j and 23.
23
Let v(i) = i**3 + 7*i**2 - i - 5. Let o be v(-7). Suppose -o*r = -46 + 2. Suppose 0 = -0*d + d - 11. Calculate the greatest common factor of d and r.
11
Let c be 4 - (6/(-3) - -2). Let d = -97 - 105. Let x be c/(-10) + d/(-5). Calculate the highest common divisor of x and 5.
5
Let l(o) be the first derivative of o**2 + o - 1. Let x be l(9). Calculate the greatest common factor of x and 171.
19
Let j(r) = r - 3. Let h be j(6). Suppose 1 = -h*c + 22. Suppose 2*g - q = 3*q + 134, 5*g - 2*q = 375. Calculate the greatest common divisor of c and g.
7
Let n be 48/(-9)*-3 + 3. Let v = n + -14. Suppose 5*h = -3*m + 140, -m - 3*m + 235 = -3*h. What is the highest common divisor of v and m?
5
Let v(y) = y**3 - 10*y**2 - 13*y + 3. Let c be v(12). Suppose -5*r - 2*l + 163 = 0, r + 3*r - 3*l - c = 0. Calculate the highest common factor of 11 and r.
11
Suppose m + 2*o - 15 = 0, 0 = -m + o - 0*o + 12. Let l = 51 - -40. Calculate the highest common divisor of l and m.
13
Suppose 5*t + 0*t - 3*i - 220 = 0, -3*i = 2*t - 88. Suppose -5*c + 206 = -t. Suppose 123 = 5*h + 23. Calculate the highest common factor of c and h.
10
Suppose -j = 2*q - 2, 3*q + 0*j - 12 = 3*j. Let m(x) = 2*x**2 - 4*x + 2. Let p be m(2). Calculate the highest common divisor of q and p.
2
Suppose 3*g - 6 = 0, 2*g + 6 = 4*y - 2*y. Let o = y - -6. Calculate the highest common divisor of o and 22.
11
Let k(x) = -56*x. Suppose -3*l - 9 = 0, 6 = -n + 4*n - 3*l. Let f be k(n). What is the highest common divisor of f and 7?
7
Let q = 56 + -23. Suppose 4*l = 175 + 13. Suppose -l - q = -4*m. What is the highest common factor of 140 and m?
20
Suppose 645 = 5*a - 4*x, 251 = 2*a - 2*x - x. Let v be 36/2 + 0 - -1. Calculate the highest common factor of a and v.
19
Suppose 5*u - 46 = 174. What is the highest common factor of 66 and u?
22
Let m(c) = c - 7. Let q be m(5). Let o be 2*((-16)/q)/2. Let v be 4*1 + -1*8/(-2). Calculate the highest common divisor of o and v.
8
Let s(y) = -16*y - 75. Let w be s(-8). What is the greatest common factor of 53 and w?
53
Let a(r) = -2*r - 10. Let i be a(-6). Suppose -i*k = 4*k - 78. What is the highest common divisor of 117 and k?
13
Suppose -2*s = 4*a - 290, 53 + 162 = 3*a + s. What is the greatest common factor of a and 30?
10
Let c(l) = l**2 + 5*l - 8. Let m be c(-8). Suppose 2*u + 0*g - 3*g - 16 = 0, u = -g + 8. What is the highest common divisor of u and m?
8
Suppose 0 = r + 4*z - 8*z - 55, -4*z = -5*r + 355. What is the highest common factor of r and 125?
25
Suppose 4 = l, -4*a = -4*l + 3*l - 612. Let y = -45 + 59